base 3.
0
Convert 122 (base 3) to base 13.
14
-157 (base 14) to base 9
-333
0 (base 9) to base 14
0
What is -222 (base 4) in base 16?
-2a
What is -75 (base 15) in base 14?
-7c
What is -60 (base 10) in base 8?
-74
What is -44 (base 16) in base 14?
-4c
What is 111 (base 2) in base 3?
21
-6 (base 8) to base 2
-110
112122 (base 3) to base 8
613
What is -3 (base 8) in base 7?
-3
-13 (base 10) to base 8
-15
What is 8 (base 16) in base 14?
8
Convert 330 (base 5) to base 3.
10100
What is 11 (base 3) in base 2?
100
Convert 3 (base 5) to base 6.
3
Convert 2 (base 10) to base 4.
2
Convert 48 (base 15) to base 9.
75
What is -15 (base 8) in base 11?
-12
What is 0 (base 4) in base 2?
0
What is 11 (base 11) in base 16?
c
17 (base 10) to base 11
16
What is 1 (base 5) in base 13?
1
What is -5 (base 8) in base 3?
-12
What is 14 (base 16) in base 13?
17
1 (base 11) to base 14
1
12 (base 5) to base 14
7
Convert 32 (base 14) to base 11.
40
-12 (base 5) to base 3
-21
What is -3 (base 7) in base 8?
-3
What is 18 (base 12) in base 13?
17
-30 (base 4) to base 11
-11
-1 (base 5) to base 7
-1
-15 (base 10) to base 15
-10
-8 (base 12) to base 4
-20
33 (base 11) to base 2
100100
57 (base 14) to base 3
2212
Convert -6 (base 16) to base 2.
-110
0 (base 13) to base 10
0
3 (base 15) to base 13
3
What is -2 (base 8) in base 3?
-2
-28 (base 16) to base 14
-2c
2020 (base 4) to base 7
253
-10101 (base 2) to base 14
-17
What is 64 (base 14) in base 13?
6a
Convert -c (base 13) to base 2.
-1100
Convert -3 (base 6) to base 12.
-3
What is -3 (base 16) in base 12?
-3
Convert -222 (base 4) to base 2.
-101010
What is 4 (base 13) in base 6?
4
-1232 (base 5) to base 10
-192
30 (base 9) to base 16
1b
Convert b (base 15) to base 16.
b
2 (base 9) to base 2
10
-24 (base 12) to base 7
-40
Convert 3 (base 15) to base 2.
11
Convert -d (base 14) to base 16.
-d
10 (base 3) to base 14
3
Convert -312 (base 5) to base 12.
-6a
Convert -147 (base 9) to base 3.
-11121
132 (base 5) to base 11
39
What is -1 (base 2) in base 7?
-1
2 (base 3) to base 8
2
What is 6 (base 14) in base 13?
6
Convert 7 (base 9) to base 4.
13
What is 57 (base 8) in base 10?
47
Convert -12 (base 4) to base 9.
-6
-11 (base 3) to base 10
-4
What is 101 (base 5) in base 15?
1b
Convert -7 (base 9) to base 10.
-7
What is 2 (base 10) in base 11?
2
What is 2 (base 8) in base 11?
2
Convert -112 (base 7) to base 3.
-2011
Convert -3 (base 16) to base 12.
-3
-89 (base 15) to base 12
-a9
34 (base 5) to base 14
15
What is 1 (base 13) in base 16?
1
3 (base 13) to base 10
3
-11101110 (base 2) to base 7
-460
-12 (base 11) to base 12
-11
-1 (base 9) to base 6
-1
Convert 5 (base 14) to base 13.
5
What is -111 (base 2) in base 7?
-10
What is -22 (base 6) in base 4?
-32
What is -1101 (base 3) in base 2?
-100101
What is 7 (base 10) in base 14?
7
11 (base 9) to base 10
10
14 (base 7) to base 11
10
303 (base 8) to base 2
11000011
Convert -1 (base 8) to base 14.
-1
What is -221 (base 4) in base 13?
-32
3 (base 12) to base 3
10
Convert -432 (base 5) to base 2.
-1110101
-a (base 13) to base 16
-a
What is -6 (base 9) in base 15?
-6
3 (base 4) to base 15
3
What is -33 (base 7) in base 2?
-11000
What is 23 (base 8) in base 16?
13
-21 (base 7) to base 9
-16
37 (base 11) to base 7
55
What is 3 (base 13) in base 2?
11
Convert -1 (base 6) to base 13.
-1
1120 (base 5) to base 14
b6
Convert 1201 (base 4) to base 15.
67
Convert -31 (base 10) to base 8.
-37
-2 (base 4) to base 12
-2
Convert -183 (base 10) to base 14.
-d1
What is -23 (base 14) in base 13?
-25
0 (base 6) to base 16
0
174 (base 10) to base 12
126
Convert 5 (base 15) to base 3.
12
Convert 6 (base 16) to base 7.
6
What is 0 (base 4) in base 6?
0
What is 37 (base 13) in base 5?
141
Convert 1123 (base 4) to base 11.
83
What is -120 (base 3) in base 8?
-17
What is -b (base 13) in base 10?
-11
Convert -1 (base 4) to base 9.
-1
2 (base 8) to base 15
2
What is 105 (base 7) in base 16?
36
-261 (base 7) to base 2
-10001101
What is 1 (base 13) in base 16?
1
-5 (base 6) to base 9
-5
3 (base 13) to base 15
3
What is 23 (base 6) in base 15?
10
-414 (base 5) to base 12
-91
Convert -27 (base 9) to base 14.
-1b
-3 (base 10) to base 14
-3
What is 11110 (base 2) in base 3?
1010
113 (base 6) to base 16
2d
Convert -3 (base 9) to base 16.
-3
What is -1111100 (base 2) in base 9?
-147
-7 (base 13) to base 14
-7
Convert 4 (base 12) to base 11.
4
What is -a8 (base 13) in base 12?
-b6
What is -13 (base 9) in base 8?
-14
1 (base 7) to base 3
1
-2 (base 15) to base 8
-2
Convert 0 (base 12) to base 15.
0
What is 187 (base 10) in base 15?
c7
Convert 5 (base 7) to base 4.
11
Convert 231 (base 8) to base 15.
a3
Convert 1 (base 3) to base 13.
1
-1 (base 5) to base 14
-1
Convert a8 (base 13) to base 15.
93
2 (base 7) to base 12
2
5 (base 13) to base 2
101
Convert 14 (base 12) to base 10.
16
What is 7 (base 9) in base 6?
11
Convert -8 (base 12) to base 16.
-8
What is 5 (base 9) in base 5?
10
Convert -11 (base 12) to base 14.
-d
7 (base 11) to base 7
10
What is -344 (base 5) in base 10?
-99
What is 18b (base 12) in base 7?
506
Convert -41 (base 14) to base 16.
-39
What is -4 (base 9) in base 16?
-4
What is -18 (base 14) in base 13?
-19
What is 10 (base 5) in base 11?
5
9 (base 10) to base 13
9
Convert 2 (base 10) to base 13.
2
3 (base 7) to base 5
3
Convert 57 (base 11) to base 3.
2022
-19 (base 14) to base 9
-25
Convert 1 (base 5) to base 15.
1
Convert 29 (base 16) to base 9.
45
What is 1 (base 15) in base 14?
1
Convert 1 (base 13) to base 6.
1
What is 1 (base 4) in base 15?
1
What is -323 (base 5) in base 4?
-1120
-2 (base 3) to base 13
-2
223 (base 5) to base 8
77
Convert 3 (base 15) to base 11.
3
Convert -17 (base 12) to base 8.
-23
What is -2 (base 15) in base 3?
-2
What is 7 (base 10) in base 2?
111
Convert -1 (base 7) to base 9.
-1
-12 (base 6) to base 10
-8
What is -24 (base 5) in base 16?
-e
-1 (base 4) to base 13
-1
What is 101100 (base 2) in base 15?
2e
What is -4 (base 5) in base 15?
-4
Convert -49 (base 11) to base 14.
-3b
What is 3 (base 9) in base 2?
11
Convert 0 (base 13) to base 14.
0
Convert 112 (base 5) to base 7.
44
What is -88 (base 13) in base 4?
-1300
What is -32 (base 16) in base 3?
-1212
What is 10 (base 3) in base 9?
3
53 (base 13) to base 6
152
88 (base 11) to base 5
341
-133 (base 4) to base 8
-37
-89 (base 14) to base 15
-81
Convert 5 (base 14) to base 15.
5
What is 11100 (base 2) in base 11?
26
What is -11 (base 2) in base 5?
-3
Convert 6 (base 12) to base 5.
11
What is 34 (base 11) in base 12?
31
1211 (base 5) to base 12
131
Convert 0 (base 6) to base 13.
0
Convert aa (base 12) to base 4.
2002
Convert 2 (base 5) to base 14.
2
-9 (base 10) to base 16
-9
Convert 1 (base 16) to base 7.
1
Convert -3 (base 11) to base 10.
-3
2420 (base 5) to base 3
111100
What is 4 (base 15) in base 6?
4
What is -33 (base 16) in base 6?
-123
What is -1 (base 6) in base 4?
-1
Convert 10011 (base 2) to base 10.
19
3 (base 8) to base 15
3
Convert -6 (base 15) to base 11.
-6
127 (base 10) to base 13
9a
-15 (base 8) to base 4
-31
-3 (base 16) to base 9
-3
What is -2 (base 13) in base 6?
-2
Convert -6 (base 8) to base 2.
-110
Convert 3 (base 4) to base 13.
3
13 (base 9) to base 13
c
7 (base 13) to base 2
111
-2 (base 7) to base 6
-2
Convert -126 (base 12) to base 4.
-2232
What is 4 (base 6) in base 13?
4
Convert 11 (base 8) to base 2.
1001
117 (base 11) to base 13
a9
3 (base 12) to base 10
3
-14 (base 7) to base 8
-13
Convert 25 (base 15) to base 14.
27
Convert -113 (base 8) to base 16.
-4b
What is -1b (base 13) in base 5?
-44
-11 (base 2) to base 12
-3
What is 20 (base 7) in base 13?
11
Convert 2 (base 15) to base 7.
2
What is 13 (base 13) in base 10?
16
Convert 12 (base 11) to base 6.
21
-c (base 14) to base 7
-15
What is a1 (base 12) in base 3?
11111
What is 13 (base 14) in base 16?
11
-1021 (base 4) to base 11
-67
Convert 4 (base 14) to base 10.
4
Convert -35 (base 9) to base 11.
-2a
Convert 0 (base 14) to base 16.
0
Convert -189 (base 10) to base 6.
-513
-100 (base 7) to base 9
-54
What is 7 (base 10) in base 16?
7
Convert 17 (base 10) to base 4.
101
137 (base 9) to base 12
97
-30 (base 5) to base 10
-15
101 (base 7) to base 5
200
What is 27 (base 15) in base 13?
2b
Convert 16 (base 11) to base 16.
11
Convert -201 (base 4) to b